{"id":1326,"date":"2023-03-16T02:34:56","date_gmt":"2023-03-16T01:34:56","guid":{"rendered":"https:\/\/www.bvpsuedtirol.com\/?page_id=1326"},"modified":"2023-10-09T19:34:45","modified_gmt":"2023-10-09T17:34:45","slug":"scuola-padel","status":"publish","type":"page","link":"https:\/\/www.bvpsuedtirol.com\/de\/scuola-padel\/","title":{"rendered":"Scuola Padel"},"content":{"rendered":"<div data-elementor-type=\"wp-page\" data-elementor-id=\"1326\" class=\"elementor elementor-1326\" data-elementor-post-type=\"page\">\n\t\t\t\t\t\t<section class=\"elementor-section elementor-top-section elementor-element elementor-element-6976119 elementor-section-full_width elementor-section-height-full elementor-section-stretched elementor-section-height-default elementor-section-items-middle\" data-id=\"6976119\" data-element_type=\"section\" data-e-type=\"section\" data-settings=\"{&quot;background_background&quot;:&quot;classic&quot;,&quot;stretch_section&quot;:&quot;section-stretched&quot;}\">\n\t\t\t\t\t\t\t<div class=\"elementor-background-overlay\"><\/div>\n\t\t\t\t\t\t\t<div class=\"elementor-container elementor-column-gap-default\">\n\t\t\t\t\t<div class=\"elementor-column elementor-col-100 elementor-top-column elementor-element elementor-element-9e45199\" data-id=\"9e45199\" data-element_type=\"column\" data-e-type=\"column\" data-settings=\"{&quot;background_background&quot;:&quot;classic&quot;}\">\n\t\t\t<div class=\"elementor-widget-wrap elementor-element-populated\">\n\t\t\t\t\t\t<div class=\"elementor-element elementor-element-b411377 elementor-absolute elementor-widget elementor-widget-image\" data-id=\"b411377\" data-element_type=\"widget\" data-e-type=\"widget\" data-settings=\"{&quot;_position&quot;:&quot;absolute&quot;}\" data-widget_type=\"image.default\">\n\t\t\t\t<div class=\"elementor-widget-container\">\n\t\t\t\t\t\t\t\t\t\t\t\t\t\t\t<img fetchpriority=\"high\" decoding=\"async\" width=\"272\" height=\"300\" src=\"https:\/\/www.bvpsuedtirol.com\/wp-content\/uploads\/2023\/01\/Eagle_green-272x300.png\" class=\"attachment-medium size-medium wp-image-963\" alt=\"\" srcset=\"https:\/\/www.bvpsuedtirol.com\/wp-content\/uploads\/2023\/01\/Eagle_green-272x300.png 272w, https:\/\/www.bvpsuedtirol.com\/wp-content\/uploads\/2023\/01\/Eagle_green-230x253.png 230w, https:\/\/www.bvpsuedtirol.com\/wp-content\/uploads\/2023\/01\/Eagle_green-350x386.png 350w, https:\/\/www.bvpsuedtirol.com\/wp-content\/uploads\/2023\/01\/Eagle_green-480x529.png 480w, https:\/\/www.bvpsuedtirol.com\/wp-content\/uploads\/2023\/01\/Eagle_green.png 600w\" sizes=\"(max-width: 272px) 100vw, 272px\" \/>\t\t\t\t\t\t\t\t\t\t\t\t\t\t\t<\/div>\n\t\t\t\t<\/div>\n\t\t\t\t<div class=\"elementor-element elementor-element-a07f00a elementor-widget elementor-widget-heading\" data-id=\"a07f00a\" data-element_type=\"widget\" data-e-type=\"widget\" data-widget_type=\"heading.default\">\n\t\t\t\t<div class=\"elementor-widget-container\">\n\t\t\t\t\t<h2 class=\"elementor-heading-title elementor-size-default\">scuola padel<\/h2>\t\t\t\t<\/div>\n\t\t\t\t<\/div>\n\t\t\t\t\t<\/div>\n\t\t<\/div>\n\t\t\t\t\t<\/div>\n\t\t<\/section>\n\t\t\t\t<section class=\"elementor-section elementor-top-section elementor-element elementor-element-ed7f899 elementor-section-boxed elementor-section-height-default elementor-section-height-default\" data-id=\"ed7f899\" data-element_type=\"section\" data-e-type=\"section\">\n\t\t\t\t\t\t<div class=\"elementor-container elementor-column-gap-default\">\n\t\t\t\t\t<div class=\"elementor-column elementor-col-100 elementor-top-column elementor-element elementor-element-191b13e\" data-id=\"191b13e\" data-element_type=\"column\" data-e-type=\"column\">\n\t\t\t<div class=\"elementor-widget-wrap elementor-element-populated\">\n\t\t\t\t\t\t<div class=\"elementor-element elementor-element-780042a elementor-widget elementor-widget-text-editor\" data-id=\"780042a\" data-element_type=\"widget\" data-e-type=\"widget\" data-widget_type=\"text-editor.default\">\n\t\t\t\t<div class=\"elementor-widget-container\">\n\t\t\t\t\t\t\t\t\t<h3>Die Schule<\/h3><div>Der ASV BVP S\u00fcdtirol hat sich zum Ziel gesetzt, alle Mitglieder in der Aus\u00fcbung des Padelsports auf allen Ebenen, vom Amateur bis zum Wettkampf, technisch auszubilden.<\/div><div>\u00a0<\/div><div>Das Sportprojekt der BVP ist sehr ehrgeizig, denn sie m\u00f6chte, ausgehend von den Jugendlichen, Sportler aufbauen, die in der Lage sind, an den wichtigsten Wettk\u00e4mpfen auf regionaler, nationaler und, warum nicht, auch internationaler Ebene teilzunehmen.<\/div><div>Unsere Schule basiert auf 3 grundlegenden Konzepten: Unterrichtstechnik, Sportkultur und Spa\u00df am Sport.<\/div><div>\u00a0<\/div><div>Die angemeldeten Athleten werden w\u00e4hrend der gesamten Saison von unserem technischen Personal betreut und nach bestem Wissen und Gewissen vorbereitet. Sie werden wie in einem Verein gef\u00fchrt, so dass sie sich mit Spa\u00df, Passion und Professionalit\u00e4t ausschlie\u00dflich der sportlichen Aktivit\u00e4t auf jedem Niveau widmen k\u00f6nnen. Die BVP-Schule richtet sich daher sowohl an Padel-Anf\u00e4nger, die mit dem Spiel beginnen wollen, als auch an langj\u00e4hrige Enthusiasten, die ihre Spieltechnik verbessern wollen.<\/div><div>Gesundes Padel f\u00fcr alle, jeden Tag, das ganze Jahr \u00fcber, zu jeder Zeit.<\/div><div>\u00a0<\/div><h3>Modalit\u00e4ten der Beteiligung<\/h3><div>Die Padel-Kurse sind f\u00fcr Kinder, Jugendliche und Erwachsene jeden Alters und jeder Spielst\u00e4rke offen. Die Trainingseinheiten, die zwischen 60 und 90 Minuten dauern k\u00f6nnen, k\u00f6nnen an jedem Tag der Woche von Mitte M\u00e4rz bis Mitte November wie folgt abgehalten werden<\/div><ul><li>Einzelunterricht (1 Person)<\/li><li>Doppelunterricht (2 Personen)<\/li><li>Gruppenunterricht (3\/4 Personen)<\/li><\/ul><div><strong>Mehr als eine Trainingseinheit pro Woche ist m\u00f6glich.<\/strong><\/div><div>\u00a0<\/div><div>Bei den w\u00f6chentlichen oder monatlichen Kursen werden die Gruppen nach Geschlecht, Alter und Spielniveau zusammengestellt und in vier Kategorien eingeteilt:<\/div><div>\u00a0<\/div><ul><li>Basic: f\u00fcr diejenigen, die die Grundlagen des Padelspiels noch nicht kennen;<\/li><li>Mittelstufe: f\u00fcr diejenigen, die bereits einen Ansatz haben, aber ihre Technik verbessern m\u00fcssen;<\/li><li>Fortgeschrittene: f\u00fcr erfahrene Sportler, die ihre Spieltaktik verfeinern m\u00f6chten;<\/li><li>Under: (auch gemischt), f\u00fcr Sch\u00fcler der Mittel- und Oberstufe.<\/li><\/ul><div>\u00a0<\/div><h3>Zeitfenster f\u00fcr Schulungen<\/h3><div>Die Schulungen finden haupts\u00e4chlich bis 17.30 Uhr statt.\u00a0<\/div><div>F\u00fcr Trainingseinheiten in sp\u00e4teren Jahrg\u00e4ngen werden die Zeiten individuell mit den Sch\u00fclern\/Gruppen vereinbart.<\/div><div>\u00a0<\/div><h3>Modalit\u00e4ten der Einschreibung<\/h3><div>F\u00fcr die Teilnahme an den Kursen ist ein \u00e4rztliches Gesundheitszeugnis obligatorisch, die Mitgliedschaft im BVP ist erforderlich und eine Kopie des Zahlungsbelegs muss vor Beginn des Kurses per E-Mail geschickt werden.<\/div><div>Die Einzahlung des Padel-Mitgliedsbeitrags in H\u00f6he von Euro 100,00 garantiert die Teilnahme am Kurs zu den f\u00fcr Mitglieder reservierten Sonderkonditionen und kann per BANK\u00dcBERWEISUNG auf das Girokonto im Namen des ASD BeachVolley&amp;Padel S\u00fcdtirol bei folgender Bankverbindung erfolgen<\/div><div>IBAN: IT 09 W 08133 58593 000304021509<\/div><div>SWIFT-BIC: RZSBIT21019<\/div><div>im Verwendungszweck \"Vorname und Nachname + Padel-Mitgliedsbeitrag\" angeben.<\/div><div>\u00a0<\/div><div class=\"translation-block\">F\u00fcllen Sie das <a href=\"https:\/\/www.bvpsuedtirol.com\/de\/affiliazione-bv\/\" target=\"_self\">ONLINE FORMULAR<\/a> zur Anmeldung und Kursauswahl aus.<\/div><div>\u00a0<\/div><h3>weitere infos<\/h3><div><a href=\"mailto:padel@bvpsuedtirol.com\">padel@bvpsuedtirol.com<\/a><br \/>+ 39 349 2996934 (Matteo)\u00a0<a href=\"mailto:m.tschurtschenthaler@bvpsuedtirol.com\">m.tschurtschenthaler@bvpsuedtirol.com<\/a><\/div><div>+ 39 328 8999292 (Francesco) <a href=\"mailto:f.foschi@bvpsuedtirol.com\">f.foschi@bvpsuedtirol.com<\/a><\/div>\t\t\t\t\t\t\t\t<\/div>\n\t\t\t\t<\/div>\n\t\t\t\t\t<\/div>\n\t\t<\/div>\n\t\t\t\t\t<\/div>\n\t\t<\/section>\n\t\t\t\t<section class=\"elementor-section elementor-top-section elementor-element elementor-element-d109b46 elementor-section-content-middle elementor-section-boxed elementor-section-height-default elementor-section-height-default\" data-id=\"d109b46\" data-element_type=\"section\" data-e-type=\"section\" data-settings=\"{&quot;background_background&quot;:&quot;classic&quot;}\">\n\t\t\t\t\t\t\t<div class=\"elementor-background-overlay\"><\/div>\n\t\t\t\t\t\t\t<div class=\"elementor-container elementor-column-gap-default\">\n\t\t\t\t\t<div class=\"elementor-column elementor-col-50 elementor-top-column elementor-element elementor-element-c53f66e\" data-id=\"c53f66e\" data-element_type=\"column\" data-e-type=\"column\">\n\t\t\t<div class=\"elementor-widget-wrap elementor-element-populated\">\n\t\t\t\t\t\t<div class=\"elementor-element elementor-element-ad074d1 elementor-headline--style-highlight elementor-widget elementor-widget-animated-headline\" data-id=\"ad074d1\" data-element_type=\"widget\" data-e-type=\"widget\" data-settings=\"{&quot;marker&quot;:&quot;underline&quot;,&quot;highlighted_text&quot;:&quot;Il nuovo sport a Merano.&quot;,&quot;headline_style&quot;:&quot;highlight&quot;,&quot;loop&quot;:&quot;yes&quot;,&quot;highlight_animation_duration&quot;:1200,&quot;highlight_iteration_delay&quot;:8000}\" data-widget_type=\"animated-headline.default\">\n\t\t\t\t<div class=\"elementor-widget-container\">\n\t\t\t\t\t\t\t<h3 class=\"elementor-headline\">\n\t\t\t\t\t<span class=\"elementor-headline-plain-text elementor-headline-text-wrapper\">Padel.<\/span>\n\t\t\t\t<span class=\"elementor-headline-dynamic-wrapper elementor-headline-text-wrapper\">\n\t\t\t\t\t<span class=\"elementor-headline-dynamic-text elementor-headline-text-active\">Der neue Sport in Meran<\/span>\n\t\t\t\t<\/span>\n\t\t\t\t<\/h3>\n\t\t\t\t\t\t<\/div>\n\t\t\t\t<\/div>\n\t\t\t\t\t<\/div>\n\t\t<\/div>\n\t\t\t\t<div class=\"elementor-column elementor-col-50 elementor-top-column elementor-element elementor-element-f53050e\" data-id=\"f53050e\" data-element_type=\"column\" data-e-type=\"column\">\n\t\t\t<div class=\"elementor-widget-wrap elementor-element-populated\">\n\t\t\t\t\t\t<div class=\"elementor-element elementor-element-c2ec8a2 elementor-align-right elementor-mobile-align-center elementor-widget elementor-widget-button\" data-id=\"c2ec8a2\" data-element_type=\"widget\" data-e-type=\"widget\" data-widget_type=\"button.default\">\n\t\t\t\t<div class=\"elementor-widget-container\">\n\t\t\t\t\t\t\t\t\t<div class=\"elementor-button-wrapper\">\n\t\t\t\t\t<a class=\"elementor-button elementor-button-link elementor-size-sm\" href=\"https:\/\/www.bvpsuedtirol.com\/de\/affiliazione_padel\/\">\n\t\t\t\t\t\t<span class=\"elementor-button-content-wrapper\">\n\t\t\t\t\t\t\t\t\t<span class=\"elementor-button-text\">Anmelden<\/span>\n\t\t\t\t\t<\/span>\n\t\t\t\t\t<\/a>\n\t\t\t\t<\/div>\n\t\t\t\t\t\t\t\t<\/div>\n\t\t\t\t<\/div>\n\t\t\t\t\t<\/div>\n\t\t<\/div>\n\t\t\t\t\t<\/div>\n\t\t<\/section>\n\t\t\t\t<\/div>","protected":false},"excerpt":{"rendered":"<p>scuola padel La Scuola L\u2019ASD BVP S\u00fcdtirol ha l\u2019obiettivo di formare tecnicamente, tutti i nostri tesserati, nella pratica del Padel a qualsiasi [&hellip;]<\/p>\n","protected":false},"author":1,"featured_media":0,"parent":0,"menu_order":0,"comment_status":"closed","ping_status":"closed","template":"page-templates\/page_front-page.php","meta":{"footnotes":""},"class_list":["post-1326","page","type-page","status-publish","hentry"],"_links":{"self":[{"href":"https:\/\/www.bvpsuedtirol.com\/de\/wp-json\/wp\/v2\/pages\/1326","targetHints":{"allow":["GET"]}}],"collection":[{"href":"https:\/\/www.bvpsuedtirol.com\/de\/wp-json\/wp\/v2\/pages"}],"about":[{"href":"https:\/\/www.bvpsuedtirol.com\/de\/wp-json\/wp\/v2\/types\/page"}],"author":[{"embeddable":true,"href":"https:\/\/www.bvpsuedtirol.com\/de\/wp-json\/wp\/v2\/users\/1"}],"replies":[{"embeddable":true,"href":"https:\/\/www.bvpsuedtirol.com\/de\/wp-json\/wp\/v2\/comments?post=1326"}],"version-history":[{"count":32,"href":"https:\/\/www.bvpsuedtirol.com\/de\/wp-json\/wp\/v2\/pages\/1326\/revisions"}],"predecessor-version":[{"id":1767,"href":"https:\/\/www.bvpsuedtirol.com\/de\/wp-json\/wp\/v2\/pages\/1326\/revisions\/1767"}],"wp:attachment":[{"href":"https:\/\/www.bvpsuedtirol.com\/de\/wp-json\/wp\/v2\/media?parent=1326"}],"curies":[{"name":"wp","href":"https:\/\/api.w.org\/{rel}","templated":true}]}}

<div data-elementor-type="wp-page" data-elementor-id="1326" class="elementor elementor-1326" data-elementor-post-type="page">
						<section class="elementor-section elementor-top-section elementor-element elementor-element-6976119 elementor-section-full_width elementor-section-height-full elementor-section-stretched elementor-section-height-default elementor-section-items-middle" data-id="6976119" data-element_type="section" data-e-type="section" data-settings="{&quot;background_background&quot;:&quot;classic&quot;,&quot;stretch_section&quot;:&quot;section-stretched&quot;}">
							<div class="elementor-background-overlay"></div>
							<div class="elementor-container elementor-column-gap-default">
					<div class="elementor-column elementor-col-100 elementor-top-column elementor-element elementor-element-9e45199" data-id="9e45199" data-element_type="column" data-e-type="column" data-settings="{&quot;background_background&quot;:&quot;classic&quot;}">
			<div class="elementor-widget-wrap elementor-element-populated">
						<div class="elementor-element elementor-element-b411377 elementor-absolute elementor-widget elementor-widget-image" data-id="b411377" data-element_type="widget" data-e-type="widget" data-settings="{&quot;_position&quot;:&quot;absolute&quot;}" data-widget_type="image.default">
				<div class="elementor-widget-container">
															<img fetchpriority="high" decoding="async" width="272" height="300" src="https://www.bvpsuedtirol.com/wp-content/uploads/2023/01/Eagle_green-272x300.png" class="attachment-medium size-medium wp-image-963" alt="" srcset="https://www.bvpsuedtirol.com/wp-content/uploads/2023/01/Eagle_green-272x300.png 272w, https://www.bvpsuedtirol.com/wp-content/uploads/2023/01/Eagle_green-230x253.png 230w, https://www.bvpsuedtirol.com/wp-content/uploads/2023/01/Eagle_green-350x386.png 350w, https://www.bvpsuedtirol.com/wp-content/uploads/2023/01/Eagle_green-480x529.png 480w, https://www.bvpsuedtirol.com/wp-content/uploads/2023/01/Eagle_green.png 600w" sizes="(max-width: 272px) 100vw, 272px" />															</div>
				</div>
				<div class="elementor-element elementor-element-a07f00a elementor-widget elementor-widget-heading" data-id="a07f00a" data-element_type="widget" data-e-type="widget" data-widget_type="heading.default">
				<div class="elementor-widget-container">
					<h2 class="elementor-heading-title elementor-size-default">scuola padel</h2>				</div>
				</div>
					</div>
		</div>
					</div>
		</section>
				<section class="elementor-section elementor-top-section elementor-element elementor-element-ed7f899 elementor-section-boxed elementor-section-height-default elementor-section-height-default" data-id="ed7f899" data-element_type="section" data-e-type="section">
						<div class="elementor-container elementor-column-gap-default">
					<div class="elementor-column elementor-col-100 elementor-top-column elementor-element elementor-element-191b13e" data-id="191b13e" data-element_type="column" data-e-type="column">
			<div class="elementor-widget-wrap elementor-element-populated">
						<div class="elementor-element elementor-element-780042a elementor-widget elementor-widget-text-editor" data-id="780042a" data-element_type="widget" data-e-type="widget" data-widget_type="text-editor.default">
				<div class="elementor-widget-container">
									<h3>Die Schule</h3><div>Der ASV BVP Südtirol hat sich zum Ziel gesetzt, alle Mitglieder in der Ausübung des Padelsports auf allen Ebenen, vom Amateur bis zum Wettkampf, technisch auszubilden.</div><div> </div><div>Das Sportprojekt der BVP ist sehr ehrgeizig, denn sie möchte, ausgehend von den Jugendlichen, Sportler aufbauen, die in der Lage sind, an den wichtigsten Wettkämpfen auf regionaler, nationaler und, warum nicht, auch internationaler Ebene teilzunehmen.</div><div>Unsere Schule basiert auf 3 grundlegenden Konzepten: Unterrichtstechnik, Sportkultur und Spaß am Sport.</div><div> </div><div>Die angemeldeten Athleten werden während der gesamten Saison von unserem technischen Personal betreut und nach bestem Wissen und Gewissen vorbereitet. Sie werden wie in einem Verein geführt, so dass sie sich mit Spaß, Passion und Professionalität ausschließlich der sportlichen Aktivität auf jedem Niveau widmen können. Die BVP-Schule richtet sich daher sowohl an Padel-Anfänger, die mit dem Spiel beginnen wollen, als auch an langjährige Enthusiasten, die ihre Spieltechnik verbessern wollen.</div><div>Gesundes Padel für alle, jeden Tag, das ganze Jahr über, zu jeder Zeit.</div><div> </div><h3>Modalitäten der Beteiligung</h3><div>Die Padel-Kurse sind für Kinder, Jugendliche und Erwachsene jeden Alters und jeder Spielstärke offen. Die Trainingseinheiten, die zwischen 60 und 90 Minuten dauern können, können an jedem Tag der Woche von Mitte März bis Mitte November wie folgt abgehalten werden</div><ul><li>Einzelunterricht (1 Person)</li><li>Doppelunterricht (2 Personen)</li><li>Gruppenunterricht (3/4 Personen)</li></ul><div><strong>Mehr als eine Trainingseinheit pro Woche ist möglich.</strong></div><div> </div><div>Bei den wöchentlichen oder monatlichen Kursen werden die Gruppen nach Geschlecht, Alter und Spielniveau zusammengestellt und in vier Kategorien eingeteilt:</div><div> </div><ul><li>Basic: für diejenigen, die die Grundlagen des Padelspiels noch nicht kennen;</li><li>Mittelstufe: für diejenigen, die bereits einen Ansatz haben, aber ihre Technik verbessern müssen;</li><li>Fortgeschrittene: für erfahrene Sportler, die ihre Spieltaktik verfeinern möchten;</li><li>Under: (auch gemischt), für Schüler der Mittel- und Oberstufe.</li></ul><div> </div><h3>Zeitfenster für Schulungen</h3><div>Die Schulungen finden hauptsächlich bis 17.30 Uhr statt. </div><div>Für Trainingseinheiten in späteren Jahrgängen werden die Zeiten individuell mit den Schülern/Gruppen vereinbart.</div><div> </div><h3>Modalitäten der Einschreibung</h3><div>Für die Teilnahme an den Kursen ist ein ärztliches Gesundheitszeugnis obligatorisch, die Mitgliedschaft im BVP ist erforderlich und eine Kopie des Zahlungsbelegs muss vor Beginn des Kurses per E-Mail geschickt werden.</div><div>Die Einzahlung des Padel-Mitgliedsbeitrags in Höhe von Euro 100,00 garantiert die Teilnahme am Kurs zu den für Mitglieder reservierten Sonderkonditionen und kann per BANKÜBERWEISUNG auf das Girokonto im Namen des ASD BeachVolley&amp;Padel Südtirol bei folgender Bankverbindung erfolgen</div><div>IBAN: IT 09 W 08133 58593 000304021509</div><div>SWIFT-BIC: RZSBIT21019</div><div>im Verwendungszweck "Vorname und Nachname + Padel-Mitgliedsbeitrag" angeben.</div><div> </div><div class="translation-block">Füllen Sie das <a href="https://www.bvpsuedtirol.com/de/affiliazione-bv/" target="_self">ONLINE FORMULAR</a> zur Anmeldung und Kursauswahl aus.</div><div> </div><h3>weitere infos</h3><div><a href="mailto:padel@bvpsuedtirol.com">padel@bvpsuedtirol.com</a><br />+ 39 349 2996934 (Matteo) <a href="mailto:m.tschurtschenthaler@bvpsuedtirol.com">m.tschurtschenthaler@bvpsuedtirol.com</a></div><div>+ 39 328 8999292 (Francesco) <a href="mailto:f.foschi@bvpsuedtirol.com">f.foschi@bvpsuedtirol.com</a></div>								</div>
				</div>
					</div>
		</div>
					</div>
		</section>
				<section class="elementor-section elementor-top-section elementor-element elementor-element-d109b46 elementor-section-content-middle elementor-section-boxed elementor-section-height-default elementor-section-height-default" data-id="d109b46" data-element_type="section" data-e-type="section" data-settings="{&quot;background_background&quot;:&quot;classic&quot;}">
							<div class="elementor-background-overlay"></div>
							<div class="elementor-container elementor-column-gap-default">
					<div class="elementor-column elementor-col-50 elementor-top-column elementor-element elementor-element-c53f66e" data-id="c53f66e" data-element_type="column" data-e-type="column">
			<div class="elementor-widget-wrap elementor-element-populated">
						<div class="elementor-element elementor-element-ad074d1 elementor-headline--style-highlight elementor-widget elementor-widget-animated-headline" data-id="ad074d1" data-element_type="widget" data-e-type="widget" data-settings="{&quot;marker&quot;:&quot;underline&quot;,&quot;highlighted_text&quot;:&quot;Il nuovo sport a Merano.&quot;,&quot;headline_style&quot;:&quot;highlight&quot;,&quot;loop&quot;:&quot;yes&quot;,&quot;highlight_animation_duration&quot;:1200,&quot;highlight_iteration_delay&quot;:8000}" data-widget_type="animated-headline.default">
				<div class="elementor-widget-container">
							<h3 class="elementor-headline">
					<span class="elementor-headline-plain-text elementor-headline-text-wrapper">Padel.</span>
				<span class="elementor-headline-dynamic-wrapper elementor-headline-text-wrapper">
					<span class="elementor-headline-dynamic-text elementor-headline-text-active">Der neue Sport in Meran</span>
				</span>
				</h3>
						</div>
				</div>
					</div>
		</div>
				<div class="elementor-column elementor-col-50 elementor-top-column elementor-element elementor-element-f53050e" data-id="f53050e" data-element_type="column" data-e-type="column">
			<div class="elementor-widget-wrap elementor-element-populated">
						<div class="elementor-element elementor-element-c2ec8a2 elementor-align-right elementor-mobile-align-center elementor-widget elementor-widget-button" data-id="c2ec8a2" data-element_type="widget" data-e-type="widget" data-widget_type="button.default">
				<div class="elementor-widget-container">
									<div class="elementor-button-wrapper">
					<a class="elementor-button elementor-button-link elementor-size-sm" href="https://www.bvpsuedtirol.com/de/affiliazione_padel/">
						<span class="elementor-button-content-wrapper">
									<span class="elementor-button-text">Anmelden</span>
					</span>
					</a>
				</div>
								</div>
				</div>
					</div>
		</div>
					</div>
		</section>
				</div>

<p>scuola padel La Scuola L’ASD BVP Südtirol ha l’obiettivo di formare tecnicamente, tutti i nostri tesserati, nella pratica del Padel a qualsiasi [&hellip;]</p>
